).
-155
Let v(x) = -17*x**3 - 3*x**2 + 8*x + 10. What is v(-2)?
118
Let x(i) = i**3 - 19*i**2 - 46*i + 96. Give x(21).
12
Let f(r) = -7*r - 238. Give f(-39).
35
Let f(a) = 2069*a - 28979. Determine f(14).
-13
Let j(i) = -i**3 - 3*i**2 - i + 6. Calculate j(-2).
4
Let t(n) = -11*n**2 + 125*n - 202. What is t(2)?
4
Let n(s) = -s**3 + 28*s**2 - 11*s - 38. What is n(28)?
-346
Let m(s) = -4*s**2 - 2*s - 16. Give m(3).
-58
Let u(f) = -f**3 + 133*f**2 + 134*f + 13. Calculate u(134).
13
Let z(s) = s**2 + 7*s - 112. Calculate z(11).
86
Let n(r) = 46*r + 437. Determine n(-7).
115
Let s(q) = q**2 + 356*q + 26200. Give s(-104).
-8
Let f(s) = -239*s + 1240. Calculate f(5).
45
Let g(h) = 1279*h + 28137. Determine g(-22).
-1
Let t(j) = 10*j**3 + 213*j**2 + 38*j - 528. Calculate t(-21).
-3
Let i(p) = -2950*p - 141587. Give i(-48).
13
Let f(t) = -6*t + 119. What is f(25)?
-31
Let r(b) = -214*b + 228. Calculate r(1).
14
Let l(a) = 8*a - 36. Give l(-28).
-260
Let x(s) = -2*s**2 + 16*s + 16. Determine x(-2).
-24
Let s(d) = -d**3 + 24*d**2 - 106*d - 10. Give s(6).
2
Let c(p) = p**3 - 47*p**2 + 499*p + 335. Determine c(30).
5
Let w(d) = -d**3 + 200*d + 27. Give w(0).
27
Let w(i) = i**3 - 17*i**2 + 30*i + 25. What is w(15)?
25
Let l(h) = h**3 - 5*h**2 - 53*h + 3. What is l(-5)?
18
Let l(o) = -3*o**3 + o**2 + o - 8. What is l(-3)?
79
Let b(o) = 42*o + 56. Determine b(4).
224
Let l(y) = -571*y - 300341. What is l(-526)?
5
Let x(h) = 2716*h + 24282. Determine x(-9).
-162
Let c(y) = 13*y**2 - y - 5. What is c(-2)?
49
Let h(d) = d**3 + 15*d**2 + 102*d + 1928. What is h(-16)?
40
Let b(d) = -d**2 - 23*d - 72. Determine b(-11).
60
Let b(v) = -291*v + 2039. Calculate b(7).
2
Let f(g) = -11*g + 2. Give f(5).
-53
Let d(i) = 55*i + 403. Calculate d(-9).
-92
Let r(p) = -50*p + 557. What is r(11)?
7
Let s(g) = 56*g - 748. What is s(7)?
-356
Let q(t) = -1532*t + 7658. Determine q(5).
-2
Let b(c) = -c**3 - 20*c**2 + 25*c - 8. Give b(-21).
-92
Let q(u) = u**2 + 3*u - 33. What is q(-7)?
-5
Let u(b) = 20*b - 387. What is u(22)?
53
Let z(h) = -339*h + 12891. Determine z(38).
9
Let s(q) = -q**3 - 17*q**2 + 342*q + 5823. Calculate s(-18).
-9
Let d(x) = -x**2 - 4211*x + 25303. Give d(6).
1
Let z(i) = -i**3 + 8*i**2 + 57*i - 131. What is z(12)?
-23
Let o(r) = 586*r - 2283. What is o(4)?
61
Let k(t) = 9*t**3 + 7*t**2 - 10*t + 2. Give k(1).
8
Let l(z) = 4*z**3 + 41*z**2 - 3*z - 30. Calculate l(-10).
100
Let o(r) = 193*r**2 - 5788*r - 62. Give o(30).
-2
Let l(u) = -80*u + 1186. Calculate l(15).
-14
Let i(r) = r**2 - 526*r - 16105. Determine i(-29).
-10
Let k(g) = 40*g + 4724. Determine k(-118).
4
Let o(s) = -s**3 + 21*s - 17. Determine o(-5).
3
Let h(c) = 24*c**2 + 36*c - 31. What is h(1)?
29
Let p(w) = 7*w**2 + 410*w + 2392. Determine p(-52).
0
Let r(z) = 58*z - 61. Give r(3).
113
Let x(f) = 8*f + 117. Give x(-15).
-3
Let j(h) = -4*h**2 + 863*h - 4830. Determine j(210).
0
Let a(m) = -m**3 - 34*m**2 + 5*m - 17. What is a(-34)?
-187
Let d(l) = -82*l + 720. Calculate d(6).
228
Let v(m) = 157*m - 6110. Calculate v(39).
13
Let c(b) = -437*b - 866. Calculate c(-2).
8
Let a(l) = -5*l**3 - l. Give a(2).
-42
Let f(h) = -h**2 + 25*h + 17. Give f(13).
173
Let k(u) = -19*u + 172. What is k(9)?
1
Let l(d) = 26*d + 476. Calculate l(-19).
-18
Let o(k) = -k**2 - 12*k - 5. Give o(-5).
30
Let r(t) = -t**2 - 2*t + 122. Calculate r(8).
42
Let r(m) = m**2 + 587*m - 27065. Give r(43).
25
Let j(f) = 933*f - 13990. Determine j(15).
5
Let z(l) = -7*l**2 - 32*l + 84. Calculate z(2).
-8
Let m(d) = d**3 + 52*d**2 - 52*d + 66. Calculate m(-53).
13
Let b(o) = 144*o**2 - 29*o + 62. Calculate b(2).
580
Let i(m) = -3*m**2 - 21*m + 510. Calculate i(10).
0
Let m(s) = -s**3 + 19*s**2 - 18*s + 1. Calculate m(18).
1
Let i(k) = -7*k - 49. What is i(10)?
-119
Let x(j) = 940*j + 1886. Calculate x(-2).
6
Let i(p) = 33*p**2 - 21*p - 2. Calculate i(2).
88
Let r(u) = 5*u**3 - 13*u**2 - 5. Calculate r(-2).
-97
Let v(t) = t**3 - 15*t**2 - 6*t + 17. Calculate v(15).
-73
Let p(d) = -28*d + 568. What is p(25)?
-132
Let a(p) = 12*p**2 - 52*p - 38. What is a(6)?
82
Let n(g) = 486*g + 473. Determine n(-1).
-13
Let q(j) = 7125*j - 35642. What is q(5)?
-17
Let t(j) = j**3 - 47*j**2 + 84*j + 273. Calculate t(45).
3
Let m(h) = h**3 - 45*h**2 + 84*h - 36. Give m(43).
-122
Let f(u) = u**3 + 8*u**2 - 13*u + 18. Give f(-11).
-202
Let i(t) = 161*t - 681. What is i(4)?
-37
Let j(i) = 14*i + 532. Give j(-25).
182
Let s(b) = 79*b + 3311. Determine s(-42).
-7
Let a(t) = 191*t + 1591. Determine a(-8).
63
Let z(u) = u**3 - 16*u**2 - 2*u + 17. Calculate z(16).
-15
Let v(w) = 3*w**3 - 50*w**2 + 28*w + 87. What is v(16)?
23
Let p(x) = 3*x**2 + 134*x - 7. Give p(-45).
38
Let g(z) = -100*z - 2678. Determine g(-26).
-78
Let i(x) = 4*x**2 + 29*x + 36. Calculate i(-5).
-9
Let j(u) = -u**2 - 30*u - 338. What is j(-33)?
-437
Let f(t) = t**3 - 10*t**2 + 33*t - 328. Determine f(10).
2
Let n(c) = -6*c**2 - 14*c + 26. Give n(-6).
-106
Let z(k) = -2*k**3 + 42*k**2 + 30*k + 358. Calculate z(22).
50
Let a(n) = 96*n**3 - 21*n**2 + 17*n + 2. Give a(1).
94
Let j(s) = s**2 - 53*s + 735. Calculate j(24).
39
Let w(a) = -a**2 + 70*a - 726. What is w(59)?
-77
Let r(c) = 106*c + 3831. Calculate r(-36).
15
Let p(g) = -369*g + 366. Calculate p(1).
-3
Let o(d) = 886*d - 8110. What is o(9)?
-136
Let r(z) = 10*z**3 - 239*z**2 - 23*z - 19. Determine r(24).
5
Let m(f) = 3*f**2 + 105*f - 820. Give m(-42).
62
Let g(v) = -2*v**2 + 128*v + 974. What is g(-7)?
-20
Let l(y) = -y**3 + 94*y**2 + 392*y - 122. Give l(98).
-122
Let t(w) = 2*w**3 + 52*w**2 + 57*w + 173. Determine t(-25).
-2
Let r(p) = -3*p**2 - 376*p - 2852. What is r(-8)?
-36
Let s(z) = 6*z + 90. Determine s(3).
108
Let k(b) = b**3 + 41*b**2 + 327*b - 12. Calculate k(-11).
21
Let p(n) = -7*n**2 + 114*n - 10. What is p(15)?
125
Let s(r) = -19*r**2 - 119*r + 524. Determine s(3).
-4
Let p(d) = 534*d - 4278. Give p(8).
-6
Let z(v) = -v**2 + 271. Determine z(-16).
15
Let l(n) = -373*n + 8581. Determine l(23).
2
Let t(c) = c**2 - 30*c + 123. What is t(18)?
-93
Let c(v) = -210*v - 3286. Calculate c(-16).
74
Let t(y) = -y**3 + 30*y**2 - 180*y + 133. Determine t(22).
45
Let k(x) = -350*x + 1017. What is k(3)?
-33
Let h(s) = 2*s**2 + 95*s - 1778. What is h(16)?
254
Let t(y) = -148*y - 862. Determine t(-6).
26
Let j(p) = -2*p + 505. Determine j(-12).
529
Let n(z) = 177*z**2 + 1243*z + 23. What is n(-7)?
-5
Let q(a) = -130*a - 8120. Determine q(-61).
-190
Let y(w) = w**2 + 26*w - 28. Determine y(-25).
-53
Let o(y) = -3*y**2 - 1929*y + 7762. Give o(4).
-2
Let v(q) = 819*q + 8071. Give v(-10).
-119
Let o(m) = 3*m**3 - 26*m**2 + 47*m - 266. Calculate o(8).
-18
Let h(w) = -w**3 - 144*w**2 - 247*w + 5275. What is h(-142)?
21
Let b(x) = x**2 - 172*x + 6941. Determine b(65).
-14
Let f(t) = -t**2 - 16*t + 145. Calculate f(-32).
-367
Let a(j) = -j**3 + 50*j**2 + 464*j. What is a(58)?
0
Let a(h) = 27*h**2 - 591*h - 71. What is a(22)?
-5
Let u(z) = z**3 + 11*z**2 + 57*z + 673. What is u(-12)?
-155
Let g(f) = -887*f + 1777. Give g(2).
3
Let m(b) = 22*b**2 + 20*b - 146. Give m(6).
766
Let u(a) = -7*a - 634. What is u(-70)?
-144
Let h(z) = 82*z**2 + 322*z + 2. Determine h(-4).
26
Let g(r) = 7*r**2 + 81*r + 14. Calculate g(-11).
-30
Let c(d) = -4861*d + 19514. Calculate c(4).
70
Let t(i) = -2*i**3 - 35*i**2 - 53*i - 719. What is t(-17)?
-107
Let q(b) = 2*b**3 - 72*b**2 + 70*b - 39. Calculate q(35).
-39
Let y(v) = 203*v + 7700. Calculate y(-38).
-14
Let a(c) = -30*c - 368. Give a(-4).
-248
Let h(j) = -19*j**2 + 11*j + 44. Calculate h(-3).
-160
Let b(a) = -12885*a - 64429. Determine b(-5).
-4
Let u(m) = 2*m**3 - 9*m**2 - 10*m + 32. Give u(5).
7
Let k(a) = a**2 + 34*a - 964. What is k(0)?
-964
Let u(y) = -3*y**3 - 8*y**2 + 190*y + 563. Give u(-3).
2
Let m(x) = -x**3 + 19*x**2 + 137*x + 118. Give m(-1).
1
Let s(p) = -p**3 - 35*p**2 - 130*p + 65. What is s(-5)?
-35
Let n(l) = -3*l**2 - 199*l + 136. Determine n(-67).
2
Let q(d) = 44*d + 295. Calculate q(-7).
-13
Let t(i) = -i**2 - 160*i - 4587. What is t(-124)?
-123
Let d(z) = -z**3 - 13*z**2 + 22*z - 141. Determine d(-15).
-21
Let b(i) = -i**3 + i**2 + 190*i - 376. Calculate b(2).
0
Let k(i) = i**3 + 2*i + 269. Calculate k(0).
269
Let b(f) = -2*f + 147. Give b(65).
17
Let j(l) = -3*l**2 + 95*l - 653. Calculate j